{"id":39,"date":"2013-08-21T17:40:12","date_gmt":"2013-08-21T15:40:12","guid":{"rendered":"http:\/\/www.allgaiabua.de\/kjp\/?page_id=39"},"modified":"2018-11-30T12:22:58","modified_gmt":"2018-11-30T10:22:58","slug":"links","status":"publish","type":"page","link":"https:\/\/www.allgaiabua.de\/kjp\/informationen\/links\/","title":{"rendered":"Links"},"content":{"rendered":"<div class=\"wpb-content-wrapper\"><p>[vc_row][vc_column][vc_column_text]Die auf dieser Seite gesammelten Links zeigen Ihnen M\u00f6glichkeiten f\u00fcr <strong>(akute) Hilfe<\/strong> bzw. <strong>weiterf\u00fchrende Informationen<\/strong> auf:<\/p>\n<p>[\/vc_column_text][vc_column_text]<\/p>\n<h2>Akute Hilfe<\/h2>\n<p><a href=\"https:\/\/www.ptk-bayern.de\/ptk\/web.nsf\/formular?openForm&amp;formular=depsychotherapeutensuche\" target=\"_blank\" rel=\"noopener noreferrer\">Psychotherapeuten-Suche der PTK-Bayern<\/a><br \/>\n<a href=\"http:\/\/www.kinderpsychiater.org\/praxen-kliniken-ambulanzen\/\" target=\"_blank\" rel=\"noopener noreferrer\">Kinder- und jugendpsychiatrisches Versorgungsnetz in Deutschland (BKJPP und BAG)<\/a><br \/>\n<a href=\"http:\/\/www.schulberatung.bayern.de\" target=\"_blank\" rel=\"noopener noreferrer\">Staatliche Schulberatung Bayern<\/a>[\/vc_column_text][vc_column_text]<\/p>\n<h2>Weiterf\u00fchrende Informationen<\/h2>\n<p><a href=\"https:\/\/www.ptk-bayern.de\" target=\"_blank\" rel=\"noopener noreferrer\">PTK Bayern &#8211; Bayerische Landeskammer der Psychotherapeuten<\/a><br \/>\n<a href=\"http:\/\/www.dgkjp.de\" target=\"_blank\" rel=\"noopener noreferrer\">DGKJP &#8211; Deutsche Gesellschaft f\u00fcr Kinder- und Jugendpsychiatrie, Psychosomatik und Psychotherapie e.V.<\/a><br \/>\n<a href=\"http:\/\/adhs-deutschland.de\" target=\"_blank\" rel=\"noopener noreferrer\">ADHS Deutschland e.V. &#8211; Selbsthilfe f\u00fcr Menschen mit ADHS<\/a><br \/>\n<a href=\"http:\/\/www.adhs.de\" target=\"_blank\" rel=\"noopener noreferrer\">ADHS &#8211; heilp\u00e4dagogische Infos zu St\u00f6rungsbild und Therapiekonzept<\/a> <strong>MIT WERBUNG&#8230;<\/strong><br \/>\n<a href=\"https:\/\/www.bvl-legasthenie.de\" target=\"_blank\" rel=\"noopener noreferrer\">Bundesverband Legasthenie &amp; Dyskalkulie e.V.<\/a><br \/>\n<a href=\"http:\/\/www.kinderpsychiater.org\" target=\"_blank\" rel=\"noopener noreferrer\">BKJPP und BAG &#8211; Kinder- und Jugendpsychiatrie, Psychosomatik und Psychotherapie<\/a><br \/>\n<a href=\"http:\/\/www.zwangserkrankungen.de\" target=\"_blank\" rel=\"noopener noreferrer\">Zwangserkrankungen.de &#8211; Die Internetseite f\u00fcr alle Betroffenen und deren Angeh\u00f6rige<\/a><br \/>\n<a href=\"http:\/\/www.suicideinfo.org\" target=\"_blank\" rel=\"noopener noreferrer\">Suicide Information Organization Worldwide<\/a><br \/>\n<a href=\"http:\/\/www.onlinesucht.de\" target=\"_blank\" rel=\"noopener noreferrer\">Hilfe zur Selbsthilfe bei Onlinesucht &#8211; HSO 2007 e.V.<\/a>[\/vc_column_text][vc_empty_space height=&#8220;30px&#8220;][\/vc_column][\/vc_row][vc_row full_width=&#8220;stretch_row_content_no_spaces&#8220;][vc_column][vc_single_image image=&#8220;1240&#8243; img_size=&#8220;full&#8220;][\/vc_column][\/vc_row]<\/p>\n<\/div>","protected":false},"excerpt":{"rendered":"<p>[vc_row][vc_column][vc_column_text]Die auf dieser Seite gesammelten Links zeigen Ihnen M\u00f6glichkeiten f\u00fcr (akute) Hilfe bzw. weiterf\u00fchrende Informationen auf: [\/vc_column_text][vc_column_text] Akute Hilfe Psychotherapeuten-Suche der PTK-Bayern Kinder- und jugendpsychiatrisches Versorgungsnetz in Deutschland (BKJPP und<span class=\"excerpt-hellip\"> [\u2026]<\/span><\/p>\n","protected":false},"author":3,"featured_media":0,"parent":37,"menu_order":0,"comment_status":"closed","ping_status":"closed","template":"","meta":{"footnotes":""},"class_list":["post-39","page","type-page","status-publish","hentry"],"yoast_head":"<!-- This site is optimized with the Yoast SEO plugin v27.5 - https:\/\/yoast.com\/product\/yoast-seo-wordpress\/ -->\n<title>Links - KJP Oberallg\u00e4u<\/title>\n<meta name=\"robots\" content=\"noindex, follow, max-snippet:-1, max-image-preview:large, max-video-preview:-1\" \/>\n<meta property=\"og:locale\" content=\"de_DE\" \/>\n<meta property=\"og:type\" content=\"article\" \/>\n<meta property=\"og:title\" content=\"Links - KJP Oberallg\u00e4u\" \/>\n<meta property=\"og:description\" content=\"[vc_row][vc_column][vc_column_text]Die auf dieser Seite gesammelten Links zeigen Ihnen M\u00f6glichkeiten f\u00fcr (akute) Hilfe bzw. weiterf\u00fchrende Informationen auf: [\/vc_column_text][vc_column_text] Akute Hilfe Psychotherapeuten-Suche der PTK-Bayern Kinder- und jugendpsychiatrisches Versorgungsnetz in Deutschland (BKJPP und [\u2026]\" \/>\n<meta property=\"og:url\" content=\"https:\/\/www.allgaiabua.de\/kjp\/informationen\/links\/\" \/>\n<meta property=\"og:site_name\" content=\"KJP Oberallg\u00e4u\" \/>\n<meta property=\"article:modified_time\" content=\"2018-11-30T10:22:58+00:00\" \/>\n<meta name=\"twitter:card\" content=\"summary_large_image\" \/>\n<meta name=\"twitter:label1\" content=\"Gesch\u00e4tzte Lesezeit\" \/>\n\t<meta name=\"twitter:data1\" content=\"1\u00a0Minute\" \/>\n<script type=\"application\/ld+json\" class=\"yoast-schema-graph\">{\"@context\":\"https:\\\/\\\/schema.org\",\"@graph\":[{\"@type\":\"WebPage\",\"@id\":\"https:\\\/\\\/www.allgaiabua.de\\\/kjp\\\/informationen\\\/links\\\/\",\"url\":\"https:\\\/\\\/www.allgaiabua.de\\\/kjp\\\/informationen\\\/links\\\/\",\"name\":\"Links - KJP Oberallg\u00e4u\",\"isPartOf\":{\"@id\":\"https:\\\/\\\/www.allgaiabua.de\\\/kjp\\\/#website\"},\"datePublished\":\"2013-08-21T15:40:12+00:00\",\"dateModified\":\"2018-11-30T10:22:58+00:00\",\"breadcrumb\":{\"@id\":\"https:\\\/\\\/www.allgaiabua.de\\\/kjp\\\/informationen\\\/links\\\/#breadcrumb\"},\"inLanguage\":\"de\",\"potentialAction\":[{\"@type\":\"ReadAction\",\"target\":[\"https:\\\/\\\/www.allgaiabua.de\\\/kjp\\\/informationen\\\/links\\\/\"]}]},{\"@type\":\"BreadcrumbList\",\"@id\":\"https:\\\/\\\/www.allgaiabua.de\\\/kjp\\\/informationen\\\/links\\\/#breadcrumb\",\"itemListElement\":[{\"@type\":\"ListItem\",\"position\":1,\"name\":\"Startseite\",\"item\":\"https:\\\/\\\/www.allgaiabua.de\\\/kjp\\\/\"},{\"@type\":\"ListItem\",\"position\":2,\"name\":\"Informationen\",\"item\":\"https:\\\/\\\/www.allgaiabua.de\\\/kjp\\\/informationen\\\/\"},{\"@type\":\"ListItem\",\"position\":3,\"name\":\"Links\"}]},{\"@type\":\"WebSite\",\"@id\":\"https:\\\/\\\/www.allgaiabua.de\\\/kjp\\\/#website\",\"url\":\"https:\\\/\\\/www.allgaiabua.de\\\/kjp\\\/\",\"name\":\"KJP Oberallg\u00e4u\",\"description\":\"Gemeinschaftspraxis f\u00fcr Kinder- und Jugendpsychiatrie und -psychotherapie Dr. B. Graf | J. Reinlein\",\"potentialAction\":[{\"@type\":\"SearchAction\",\"target\":{\"@type\":\"EntryPoint\",\"urlTemplate\":\"https:\\\/\\\/www.allgaiabua.de\\\/kjp\\\/?s={search_term_string}\"},\"query-input\":{\"@type\":\"PropertyValueSpecification\",\"valueRequired\":true,\"valueName\":\"search_term_string\"}}],\"inLanguage\":\"de\"}]}<\/script>\n<!-- \/ Yoast SEO plugin. -->","yoast_head_json":{"title":"Links - KJP Oberallg\u00e4u","robots":{"index":"noindex","follow":"follow","max-snippet":"max-snippet:-1","max-image-preview":"max-image-preview:large","max-video-preview":"max-video-preview:-1"},"og_locale":"de_DE","og_type":"article","og_title":"Links - KJP Oberallg\u00e4u","og_description":"[vc_row][vc_column][vc_column_text]Die auf dieser Seite gesammelten Links zeigen Ihnen M\u00f6glichkeiten f\u00fcr (akute) Hilfe bzw. weiterf\u00fchrende Informationen auf: [\/vc_column_text][vc_column_text] Akute Hilfe Psychotherapeuten-Suche der PTK-Bayern Kinder- und jugendpsychiatrisches Versorgungsnetz in Deutschland (BKJPP und [\u2026]","og_url":"https:\/\/www.allgaiabua.de\/kjp\/informationen\/links\/","og_site_name":"KJP Oberallg\u00e4u","article_modified_time":"2018-11-30T10:22:58+00:00","twitter_card":"summary_large_image","twitter_misc":{"Gesch\u00e4tzte Lesezeit":"1\u00a0Minute"},"schema":{"@context":"https:\/\/schema.org","@graph":[{"@type":"WebPage","@id":"https:\/\/www.allgaiabua.de\/kjp\/informationen\/links\/","url":"https:\/\/www.allgaiabua.de\/kjp\/informationen\/links\/","name":"Links - KJP Oberallg\u00e4u","isPartOf":{"@id":"https:\/\/www.allgaiabua.de\/kjp\/#website"},"datePublished":"2013-08-21T15:40:12+00:00","dateModified":"2018-11-30T10:22:58+00:00","breadcrumb":{"@id":"https:\/\/www.allgaiabua.de\/kjp\/informationen\/links\/#breadcrumb"},"inLanguage":"de","potentialAction":[{"@type":"ReadAction","target":["https:\/\/www.allgaiabua.de\/kjp\/informationen\/links\/"]}]},{"@type":"BreadcrumbList","@id":"https:\/\/www.allgaiabua.de\/kjp\/informationen\/links\/#breadcrumb","itemListElement":[{"@type":"ListItem","position":1,"name":"Startseite","item":"https:\/\/www.allgaiabua.de\/kjp\/"},{"@type":"ListItem","position":2,"name":"Informationen","item":"https:\/\/www.allgaiabua.de\/kjp\/informationen\/"},{"@type":"ListItem","position":3,"name":"Links"}]},{"@type":"WebSite","@id":"https:\/\/www.allgaiabua.de\/kjp\/#website","url":"https:\/\/www.allgaiabua.de\/kjp\/","name":"KJP Oberallg\u00e4u","description":"Gemeinschaftspraxis f\u00fcr Kinder- und Jugendpsychiatrie und -psychotherapie Dr. B. Graf | J. Reinlein","potentialAction":[{"@type":"SearchAction","target":{"@type":"EntryPoint","urlTemplate":"https:\/\/www.allgaiabua.de\/kjp\/?s={search_term_string}"},"query-input":{"@type":"PropertyValueSpecification","valueRequired":true,"valueName":"search_term_string"}}],"inLanguage":"de"}]}},"_links":{"self":[{"href":"https:\/\/www.allgaiabua.de\/kjp\/wp-json\/wp\/v2\/pages\/39","targetHints":{"allow":["GET"]}}],"collection":[{"href":"https:\/\/www.allgaiabua.de\/kjp\/wp-json\/wp\/v2\/pages"}],"about":[{"href":"https:\/\/www.allgaiabua.de\/kjp\/wp-json\/wp\/v2\/types\/page"}],"author":[{"embeddable":true,"href":"https:\/\/www.allgaiabua.de\/kjp\/wp-json\/wp\/v2\/users\/3"}],"replies":[{"embeddable":true,"href":"https:\/\/www.allgaiabua.de\/kjp\/wp-json\/wp\/v2\/comments?post=39"}],"version-history":[{"count":0,"href":"https:\/\/www.allgaiabua.de\/kjp\/wp-json\/wp\/v2\/pages\/39\/revisions"}],"up":[{"embeddable":true,"href":"https:\/\/www.allgaiabua.de\/kjp\/wp-json\/wp\/v2\/pages\/37"}],"wp:attachment":[{"href":"https:\/\/www.allgaiabua.de\/kjp\/wp-json\/wp\/v2\/media?parent=39"}],"curies":[{"name":"wp","href":"https:\/\/api.w.org\/{rel}","templated":true}]}}