{"id":19,"date":"2013-08-21T17:30:10","date_gmt":"2013-08-21T15:30:10","guid":{"rendered":"http:\/\/www.allgaiabua.de\/kjp\/?page_id=19"},"modified":"2023-05-16T11:26:27","modified_gmt":"2023-05-16T09:26:27","slug":"praxis","status":"publish","type":"page","link":"https:\/\/www.allgaiabua.de\/kjp\/","title":{"rendered":"Praxis"},"content":{"rendered":"<div class=\"wpb-content-wrapper\"><p>[vc_row][vc_column css=&#8220;.vc_custom_1519123165237{margin-bottom: 30px !important;}&#8220;][vc_column_text]<strong>Herzlich willkommen in der Praxis f\u00fcr Kinder- und Jugendpsychiatrie und -psychotherapie Joachim A. Reinlein<\/strong>[\/vc_column_text][vc_column_text]<\/p>\n<h2>Wer wir sind<\/h2>\n<p>Die KJP Oberallg\u00e4u ist im s\u00fcdlichen Oberallg\u00e4u die\u00a0Praxis f\u00fcr<strong> s\u00e4mtliche kinder- und jugendpsychiatrischen, psychiatrischen und psychotherapeutischen Fragen<\/strong> wie z.B.<\/p>\n<p><img decoding=\"async\" class=\"alignnone size-full wp-image-1290\" src=\"https:\/\/www.allgaiabua.de\/kjp\/wp-content\/uploads\/2018\/02\/logo-schmetterling.gif\" alt=\"\" \/> St\u00f6rungen in der Kleinkindentwicklung\u00a0\u00a0\u00a0<img decoding=\"async\" class=\"alignnone size-full wp-image-1290\" src=\"https:\/\/www.allgaiabua.de\/kjp\/wp-content\/uploads\/2018\/02\/logo-schmetterling.gif\" alt=\"\" \/> Wahrnehmungsst\u00f6rungen\u00a0\u00a0\u00a0<img decoding=\"async\" class=\"alignnone size-full wp-image-1290\" src=\"https:\/\/www.allgaiabua.de\/kjp\/wp-content\/uploads\/2018\/02\/logo-schmetterling.gif\" alt=\"\" \/> Hirnfunktionsst\u00f6rungen\u00a0\u00a0\u00a0<img decoding=\"async\" class=\"alignnone size-full wp-image-1290\" src=\"https:\/\/www.allgaiabua.de\/kjp\/wp-content\/uploads\/2018\/02\/logo-schmetterling.gif\" alt=\"\" \/> Grob- und feinmotorische Schw\u00e4chen\u00a0\u00a0\u00a0<img decoding=\"async\" class=\"alignnone size-full wp-image-1290\" src=\"https:\/\/www.allgaiabua.de\/kjp\/wp-content\/uploads\/2018\/02\/logo-schmetterling.gif\" alt=\"\" \/> Autismus\u00a0\u00a0\u00a0<img decoding=\"async\" class=\"alignnone size-full wp-image-1290\" src=\"https:\/\/www.allgaiabua.de\/kjp\/wp-content\/uploads\/2018\/02\/logo-schmetterling.gif\" alt=\"\" \/> Mutismus\u00a0\u00a0\u00a0<img decoding=\"async\" class=\"alignnone size-full wp-image-1290\" src=\"https:\/\/www.allgaiabua.de\/kjp\/wp-content\/uploads\/2018\/02\/logo-schmetterling.gif\" alt=\"\" \/> Aufmerksamkeits-Defizit-(Hyperaktivit\u00e4ts)-Syndrom\u00a0\u00a0\u00a0<img decoding=\"async\" class=\"alignnone size-full wp-image-1290\" src=\"https:\/\/www.allgaiabua.de\/kjp\/wp-content\/uploads\/2018\/02\/logo-schmetterling.gif\" alt=\"\" \/> Schulprobleme\u00a0\u00a0\u00a0<img decoding=\"async\" class=\"alignnone size-full wp-image-1290\" src=\"https:\/\/www.allgaiabua.de\/kjp\/wp-content\/uploads\/2018\/02\/logo-schmetterling.gif\" alt=\"\" \/> Lese- und\/oder Rechtschreibst\u00f6rung (Legasthenie)\u00a0\u00a0\u00a0<img decoding=\"async\" class=\"alignnone size-full wp-image-1290\" src=\"https:\/\/www.allgaiabua.de\/kjp\/wp-content\/uploads\/2018\/02\/logo-schmetterling.gif\" alt=\"\" \/> Rechenst\u00f6rung (Dyskalkulie)\u00a0\u00a0\u00a0<img decoding=\"async\" class=\"alignnone size-full wp-image-1290\" src=\"https:\/\/www.allgaiabua.de\/kjp\/wp-content\/uploads\/2018\/02\/logo-schmetterling.gif\" alt=\"\" \/> Verhaltensauff\u00e4lligkeiten (z.B. unruhiges oder aggressives Verhalten)\u00a0\u00a0\u00a0<img decoding=\"async\" class=\"alignnone size-full wp-image-1290\" src=\"https:\/\/www.allgaiabua.de\/kjp\/wp-content\/uploads\/2018\/02\/logo-schmetterling.gif\" alt=\"\" \/> Depressionen\u00a0\u00a0\u00a0<img decoding=\"async\" class=\"alignnone size-full wp-image-1290\" src=\"https:\/\/www.allgaiabua.de\/kjp\/wp-content\/uploads\/2018\/02\/logo-schmetterling.gif\" alt=\"\" \/> \u00c4ngste\u00a0\u00a0\u00a0<img decoding=\"async\" class=\"alignnone size-full wp-image-1290\" src=\"https:\/\/www.allgaiabua.de\/kjp\/wp-content\/uploads\/2018\/02\/logo-schmetterling.gif\" alt=\"\" \/> Zwangsst\u00f6rungen\u00a0\u00a0\u00a0<img decoding=\"async\" class=\"alignnone size-full wp-image-1290\" src=\"https:\/\/www.allgaiabua.de\/kjp\/wp-content\/uploads\/2018\/02\/logo-schmetterling.gif\" alt=\"\" \/> Tic-St\u00f6rungen\u00a0\u00a0\u00a0<img decoding=\"async\" class=\"alignnone size-full wp-image-1290\" src=\"https:\/\/www.allgaiabua.de\/kjp\/wp-content\/uploads\/2018\/02\/logo-schmetterling.gif\" alt=\"\" \/> Essst\u00f6rungen\u00a0\u00a0\u00a0<img decoding=\"async\" class=\"alignnone size-full wp-image-1290\" src=\"https:\/\/www.allgaiabua.de\/kjp\/wp-content\/uploads\/2018\/02\/logo-schmetterling.gif\" alt=\"\" \/> Psychosomatische St\u00f6rungen\u00a0\u00a0\u00a0<img decoding=\"async\" class=\"alignnone size-full wp-image-1290\" src=\"https:\/\/www.allgaiabua.de\/kjp\/wp-content\/uploads\/2018\/02\/logo-schmetterling.gif\" alt=\"\" \/> Psychosen\u00a0\u00a0\u00a0<img decoding=\"async\" class=\"alignnone size-full wp-image-1290\" src=\"https:\/\/www.allgaiabua.de\/kjp\/wp-content\/uploads\/2018\/02\/logo-schmetterling.gif\" alt=\"\" \/> \u00c4u\u00dfere Belastungssituationen (Trauer, Scheidung, Trauma)\u00a0\u00a0\u00a0<img decoding=\"async\" class=\"alignnone size-full wp-image-1290\" src=\"https:\/\/www.allgaiabua.de\/kjp\/wp-content\/uploads\/2018\/02\/logo-schmetterling.gif\" alt=\"\" \/> Suchtprobleme[\/vc_column_text][vc_column_text css=&#8220;.vc_custom_1543568437540{margin-top: 25px !important;border-top-width: 1px !important;border-right-width: 1px !important;border-bottom-width: 1px !important;border-left-width: 1px !important;padding-top: 30px !important;padding-right: 30px !important;padding-bottom: 30px !important;padding-left: 30px !important;background-color: #eef2da !important;background-position: center !important;background-repeat: no-repeat !important;background-size: cover !important;border-left-color: #cbd786 !important;border-left-style: solid !important;border-right-color: #cbd786 !important;border-right-style: solid !important;border-top-color: #cbd786 !important;border-top-style: solid !important;border-bottom-color: #cbd786 !important;border-bottom-style: solid !important;}&#8220;]<strong>Wichtig:<\/strong><\/p>\n<p>Es ist eine ausf\u00fchrliche und fachlich fundierte Untersuchung und Beurteilung notwendig, um eine sichere Diagnose stellen zu k\u00f6nnen. Basierend auf dieser Diagnose versuchen wir, die f\u00fcr den einzelnen Patienten individuell geeignete Therapie zu empfehlen und zu initiieren.<\/p>\n<p>Gleichzeitig wird von uns eine enge Zusammenarbeit mit Haus- und Kinder\u00e4rzten, Schulpsychologen, niedergelassenen Psychotherapeuten, Ergotherapeuten, Logop\u00e4den und Physiotherapeuten angestrebt, um den diagnostischen und therapeutischen Prozess zu erleichtern und f\u00f6rdern.[\/vc_column_text][vc_column_text]<\/p>\n<h2>Was wir bieten<\/h2>\n<p>Sie finden bei uns eine ambulante kinder- und jugendpsychiatrische und psychotherapeutische Behandlung, einschlie\u00dflich einer medikament\u00f6sen Therapie, soweit dies erforderlich ist. Daf\u00fcr nutzen wir in Abh\u00e4ngigkeit des Anliegens <strong>verschiedene Beratungs- und Behandlungskonzepte<\/strong>:<\/p>\n<p><img decoding=\"async\" class=\"alignnone size-full wp-image-1290\" src=\"https:\/\/www.allgaiabua.de\/kjp\/wp-content\/uploads\/2018\/02\/logo-schmetterling.gif\" alt=\"\" \/> Problemzentrierte l\u00f6sungsorientierte Psychotherapie (verhaltenstherapeutisch, tiefenpsychologisch)\u00a0\u00a0\u00a0<img decoding=\"async\" class=\"alignnone size-full wp-image-1290\" src=\"https:\/\/www.allgaiabua.de\/kjp\/wp-content\/uploads\/2018\/02\/logo-schmetterling.gif\" alt=\"\" \/> Kognitiv-behaviorale Therapie\u00a0\u00a0\u00a0<img decoding=\"async\" class=\"alignnone size-full wp-image-1290\" src=\"https:\/\/www.allgaiabua.de\/kjp\/wp-content\/uploads\/2018\/02\/logo-schmetterling.gif\" alt=\"\" \/> <a href=\"\/kjp\/therapie\/familientherapie\">Familientherapie<\/a>\u00a0\u00a0\u00a0<img decoding=\"async\" class=\"alignnone size-full wp-image-1290\" src=\"https:\/\/www.allgaiabua.de\/kjp\/wp-content\/uploads\/2018\/02\/logo-schmetterling.gif\" alt=\"\" \/> \u00dcbende Verfahren (soziales Kompetenztraining, Lern- und Hausaufgabenstrukturierung, K\u00f6rperwahrnehmung, Selbstinstruktion, Kontrolle der Impulsivit\u00e4t, Progressive Muskelentspannung, Autogenes Training, Umgang mit Angst ausl\u00f6senden Situationen, Trainingsanleitung bei Lese-Rechtschreib- und Rechenst\u00f6rung)\u00a0\u00a0\u00a0<img decoding=\"async\" class=\"alignnone size-full wp-image-1290\" src=\"https:\/\/www.allgaiabua.de\/kjp\/wp-content\/uploads\/2018\/02\/logo-schmetterling.gif\" alt=\"\" \/> Traumatherapie\u00a0\u00a0\u00a0<img decoding=\"async\" class=\"alignnone size-full wp-image-1290\" src=\"https:\/\/www.allgaiabua.de\/kjp\/wp-content\/uploads\/2018\/02\/logo-schmetterling.gif\" alt=\"\" \/> Spieltherapie\u00a0\u00a0\u00a0<img decoding=\"async\" class=\"alignnone size-full wp-image-1290\" src=\"https:\/\/www.allgaiabua.de\/kjp\/wp-content\/uploads\/2018\/02\/logo-schmetterling.gif\" alt=\"\" \/> <a href=\"\/kjp\/therapie\/gruppentherapie\">Gruppentherapien<\/a> f\u00fcr bestimmte Indikationsgebiete\u00a0\u00a0\u00a0<img decoding=\"async\" class=\"alignnone size-full wp-image-1290\" src=\"https:\/\/www.allgaiabua.de\/kjp\/wp-content\/uploads\/2018\/02\/logo-schmetterling.gif\" alt=\"\" \/> Psychomotorische \u00dcbungsbehandlung (Bewegungstherapie)\u00a0\u00a0\u00a0<img decoding=\"async\" class=\"alignnone size-full wp-image-1290\" src=\"https:\/\/www.allgaiabua.de\/kjp\/wp-content\/uploads\/2018\/02\/logo-schmetterling.gif\" alt=\"\" \/> Neurofeedback bei Aufmerksamkeitsproblematiken[\/vc_column_text][\/vc_column][\/vc_row][vc_row equal_height=&#8220;yes&#8220; css=&#8220;.vc_custom_1519123555361{margin-bottom: 65px !important;}&#8220;][vc_column width=&#8220;1\/3&#8243; css=&#8220;.vc_custom_1518773928577{margin-right: 15px !important;margin-left: 15px !important;border-top-width: 1px !important;border-right-width: 1px !important;border-bottom-width: 1px !important;border-left-width: 1px !important;padding-top: 50px !important;padding-right: 25px !important;padding-left: 25px !important;background-color: #eef2da !important;background-position: center !important;background-repeat: no-repeat !important;background-size: cover !important;border-left-color: #cbd786 !important;border-left-style: solid !important;border-right-color: #cbd786 !important;border-right-style: solid !important;border-top-color: #cbd786 !important;border-top-style: solid !important;border-bottom-color: #cbd786 !important;border-bottom-style: solid !important;}&#8220;][vc_icon icon_fontawesome=&#8220;fa fa-clock-o&#8220; color=&#8220;white&#8220; background_style=&#8220;rounded&#8220; background_color=&#8220;custom&#8220; align=&#8220;center&#8220; custom_background_color=&#8220;#a2bc22&#8243;][vc_column_text el_id=&#8220;box-praxis-1&#8243;]<\/p>\n<h3 style=\"text-align: center;\">Wir sind f\u00fcr Sie da<\/h3>\n<p>[\/vc_column_text][vc_column_text]<\/p>\n<p style=\"text-align: center;\">Mo. 9 &#8211; 12 und 13 &#8211; 17 Uhr<br \/>\nDi. 9 &#8211; 12 und 13 &#8211; 17 Uhr<br \/>\nMi. 9 &#8211; 12 Uhr<br \/>\nDo. 9 &#8211; 12 und 13 &#8211; 17 Uhr<br \/>\nFr. 9 &#8211; 13 Uhr<\/p>\n<p>[\/vc_column_text][\/vc_column][vc_column width=&#8220;1\/3&#8243; css=&#8220;.vc_custom_1518773935154{margin-right: 15px !important;margin-left: 15px !important;border-top-width: 1px !important;border-right-width: 1px !important;border-bottom-width: 1px !important;border-left-width: 1px !important;padding-top: 50px !important;padding-right: 25px !important;padding-left: 25px !important;background-color: #eef2da !important;background-position: center !important;background-repeat: no-repeat !important;background-size: cover !important;border-left-color: #cbd786 !important;border-left-style: solid !important;border-right-color: #cbd786 !important;border-right-style: solid !important;border-top-color: #cbd786 !important;border-top-style: solid !important;border-bottom-color: #cbd786 !important;border-bottom-style: solid !important;}&#8220;][vc_icon icon_fontawesome=&#8220;fa fa-phone&#8220; color=&#8220;white&#8220; background_style=&#8220;rounded&#8220; background_color=&#8220;custom&#8220; align=&#8220;center&#8220; custom_background_color=&#8220;#a2bc22&#8243;][vc_column_text el_id=&#8220;box-praxis-2&#8243;]<\/p>\n<h3 style=\"text-align: center;\">Terminvereinbarung<\/h3>\n<p>[\/vc_column_text][vc_column_text]<\/p>\n<p style=\"text-align: center;\">Zur Vereinbarung eines Termins f\u00fcr die Neuvorstellung Ihres Kindes rufen Sie uns bitte in unseren Sprechzeiten an:<\/p>\n<p style=\"text-align: center;\">Tel. +49 (0)8323 9897110<\/p>\n<p>[\/vc_column_text][\/vc_column][vc_column width=&#8220;1\/3&#8243; css=&#8220;.vc_custom_1518773948499{margin-right: 15px !important;margin-left: 15px !important;border-top-width: 1px !important;border-right-width: 1px !important;border-bottom-width: 1px !important;border-left-width: 1px !important;padding-top: 50px !important;padding-right: 25px !important;padding-left: 25px !important;background-color: #eef2da !important;background-position: center !important;background-repeat: no-repeat !important;background-size: cover !important;border-left-color: #cbd786 !important;border-left-style: solid !important;border-right-color: #cbd786 !important;border-right-style: solid !important;border-top-color: #cbd786 !important;border-top-style: solid !important;border-bottom-color: #cbd786 !important;border-bottom-style: solid !important;}&#8220;][vc_icon icon_fontawesome=&#8220;fa fa-file-text-o&#8220; color=&#8220;white&#8220; background_style=&#8220;rounded&#8220; background_color=&#8220;custom&#8220; align=&#8220;center&#8220; custom_background_color=&#8220;#a2bc22&#8243;][vc_column_text el_id=&#8220;box-praxis-3&#8243;]<\/p>\n<h3 style=\"text-align: center;\">Download Fragebogen Neuvorstellung<\/h3>\n<p>[\/vc_column_text][vc_column_text]<\/p>\n<p style=\"text-align: center;\">Bitte laden Sie unseren\u00a0<a href=\"\/kjp\/neuvorstellung\" rel=\"noopener\">Fragebogen Neuvorstellung<\/a> herunter und bringen Sie diesen ausgef\u00fcllt zu Ihrem ersten Termin bei uns mit. Vielen Dank!<\/p>\n<p>[\/vc_column_text][\/vc_column][\/vc_row][vc_row][vc_column css=&#8220;.vc_custom_1519123187902{margin-bottom: 50px !important;}&#8220;][vc_column_text]<\/p>\n<h2>Unser Team<\/h2>\n<p>In unserem multiprofessionellen Team wirken verschiedenste spezialisierte Mitarbeiter\/innen wie z.B. Heilp\u00e4dagog\/innen, P\u00e4dagog\/innen, Dipl. Psycholog\/innen, Gesundheitsp\u00e4dagog\/innen und nat\u00fcrlich unser Arzt konstruktiv zusammen f\u00fcr den bestm\u00f6glichen Erfolg der Behandlung.[\/vc_column_text][\/vc_column][\/vc_row][vc_row full_width=&#8220;stretch_row_content_no_spaces&#8220; full_height=&#8220;yes&#8220; columns_placement=&#8220;stretch&#8220;][vc_column parallax=&#8220;content-moving&#8220; parallax_image=&#8220;1047&#8243; parallax_speed_bg=&#8220;3.5&#8243;][\/vc_column][\/vc_row][vc_row][vc_column css=&#8220;.vc_custom_1519124392966{margin-top: 50px !important;}&#8220;][vc_column_text]<\/p>\n<h2>H\u00e4ufige Fragen an uns<\/h2>\n<p>[\/vc_column_text][vc_row_inner][vc_column_inner css=&#8220;.vc_custom_1519124375063{margin-right: 15px !important;margin-bottom: 30px !important;margin-left: 15px !important;border-top-width: 1px !important;border-right-width: 1px !important;border-bottom-width: 1px !important;border-left-width: 1px !important;padding-top: 50px !important;padding-right: 25px !important;padding-bottom: 35px !important;padding-left: 25px !important;background-color: #eef2da !important;background-position: center !important;background-repeat: no-repeat !important;background-size: cover !important;border-left-color: #cbd786 !important;border-left-style: solid !important;border-right-color: #cbd786 !important;border-right-style: solid !important;border-top-color: #cbd786 !important;border-top-style: solid !important;border-bottom-color: #cbd786 !important;border-bottom-style: solid !important;}&#8220;][vc_toggle title=&#8220;Who the f*** is Alice?&#8220; style=&#8220;text_only&#8220; open=&#8220;true&#8220;]Ein nettes M\u00e4dchen aus der Nachbarschaft.[\/vc_toggle][vc_toggle title=&#8220;Wer bin ich?&#8220; style=&#8220;text_only&#8220; color=&#8220;black&#8220; open=&#8220;true&#8220;]Puh, da m\u00fcssen wir aber ganz von vorne anfangen!<\/p>\n<p>Also: Die Erde war eine Feuerkugel&#8230;[\/vc_toggle][vc_toggle title=&#8220;Was ist die Antwort auf die Frage aller Fragen?&#8220; style=&#8220;text_only&#8220; open=&#8220;true&#8220;]Die Antwort lautet: 42![\/vc_toggle][\/vc_column_inner][\/vc_row_inner][vc_column_text]<\/p>\n<h2>Wie Sie uns finden<\/h2>\n<p>Die KJP Oberallg\u00e4u | Joachim A. Reinlein liegt mitten im Stadtzentrum von Immenstadt in der Rothenfelsstra\u00dfe 1 \u2013 dies ist das Eckgeb\u00e4ude am Anfang der Stra\u00dfe im Zentrum. Hier ist die Praxis im 2. Stock \u00fcber dem <strong>Fachgesch\u00e4ft &#8222;Baby Bolz&#8220;<\/strong>.<\/p>\n<p>&nbsp;<\/p>\n<h4>Mit \u00f6ffentlichen Verkehrsmitteln<\/h4>\n<p>Von Kempten, Oberstdorf und Oberstaufen her ist Immenstadt sehr gut durch die <a href=\"https:\/\/www.bahn.de\" target=\"_blank\" rel=\"noopener\">Deutsche Bahn<\/a> angebunden, aus vielen anderen Orten mit Linienbussen. Vom Bahnhof bzw. Busbahnhof sind es nur wenige Gehminuten bis ins Zentrum zur Praxis.<\/p>\n<p>Auch mit dem Fahrrad ist man im Oberallg\u00e4u rund um Immenstadt auf einem gut ausgebauten Wegenetz unterwegs.<\/p>\n<p>&nbsp;<\/p>\n<h4>Mit dem Auto<\/h4>\n<p>Auf der nachstehenden Google-Karte finden Sie uns im Zentrum von Immenstadt. Nutzen Sie den <a href=\"https:\/\/goo.gl\/maps\/4N2L6kxKDzn\" target=\"_blank\" rel=\"noopener\">GoogleMaps-Routenplaner<\/a> f\u00fcr Ihre Anfahrt. In unmittelbarer N\u00e4he zur KJP Oberallg\u00e4u finden Sie viele Parkm\u00f6glichkeiten \u2013 z.B. direkt beim Baby Bolz, an der Stadtmauer, am Hofgarten oder in der Tiefgarage am Bahnhof.[\/vc_column_text][vc_empty_space height=&#8220;20px&#8220;][\/vc_column][\/vc_row][vc_row full_width=&#8220;stretch_row_content_no_spaces&#8220; css=&#8220;.vc_custom_1505723975311{margin-bottom: 0px !important;}&#8220;][vc_column][vc_gmaps link=&#8220;#E-8_JTNDaWZyYW1lJTIwc3JjJTNEJTIyaHR0cHMlM0ElMkYlMkZ3d3cuZ29vZ2xlLmNvbSUyRm1hcHMlMkZlbWJlZCUzRnBiJTNEJTIxMW0xOCUyMTFtMTIlMjExbTMlMjExZDE3MDIuMDE5NDc5NjY3MjY4JTIxMmQxMC4yMTU3NjQ2NTcwNjU1NzklMjEzZDQ3LjU2MDM3NTU5OTE2Mjg3JTIxMm0zJTIxMWYwJTIxMmYwJTIxM2YwJTIxM20yJTIxMWkxMDI0JTIxMmk3NjglMjE0ZjEzLjElMjEzbTMlMjExbTIlMjExczB4NDc5YzgxOTRhOGUyNTY2MSUyNTNBMHg1MjQ4YjkwNWFhYTVmNjgwJTIxMnNLSlAlMkJPYmVyYWxsZyUyNUMzJTI1QTR1JTIxNWUxJTIxM20yJTIxMXNkZSUyMTJzZGUlMjE0djE1MDU3MTk5NDIxMDMlMjIlMjB3aWR0aCUzRCUyMjEwMCUyNSUyMiUyMGhlaWdodCUzRCUyMjcwMCUyMiUyMGZyYW1lYm9yZGVyJTNEJTIyMCUyMiUyMHN0eWxlJTNEJTIyYm9yZGVyJTNBMCUyMiUyMGFsbG93ZnVsbHNjcmVlbiUzRSUzQyUyRmlmcmFtZSUzRQ==&#8220; size=&#8220;700px&#8220; css=&#8220;.vc_custom_1506096551062{margin-bottom: 0px !important;}&#8220;][\/vc_column][\/vc_row]<\/p>\n<\/div>","protected":false},"excerpt":{"rendered":"<p>[vc_row][vc_column css=&#8220;.vc_custom_1519123165237{margin-bottom: 30px !important;}&#8220;][vc_column_text]Herzlich willkommen in der Praxis f\u00fcr Kinder- und Jugendpsychiatrie und -psychotherapie Joachim A. Reinlein[\/vc_column_text][vc_column_text] Wer wir sind Die KJP Oberallg\u00e4u ist im s\u00fcdlichen Oberallg\u00e4u die\u00a0Praxis f\u00fcr s\u00e4mtliche<span class=\"excerpt-hellip\"> [\u2026]<\/span><\/p>\n","protected":false},"author":3,"featured_media":0,"parent":0,"menu_order":1,"comment_status":"closed","ping_status":"closed","template":"","meta":{"footnotes":""},"class_list":["post-19","page","type-page","status-publish","hentry"],"yoast_head":"<!-- This site is optimized with the Yoast SEO plugin v27.5 - https:\/\/yoast.com\/product\/yoast-seo-wordpress\/ -->\n<title>Praxis - KJP Oberallg\u00e4u<\/title>\n<meta name=\"robots\" content=\"noindex, follow, max-snippet:-1, max-image-preview:large, max-video-preview:-1\" \/>\n<meta property=\"og:locale\" content=\"de_DE\" \/>\n<meta property=\"og:type\" content=\"article\" \/>\n<meta property=\"og:title\" content=\"Praxis - KJP Oberallg\u00e4u\" \/>\n<meta property=\"og:description\" content=\"[vc_row][vc_column css=&#8220;.vc_custom_1519123165237{margin-bottom: 30px !important;}&#8220;][vc_column_text]Herzlich willkommen in der Praxis f\u00fcr Kinder- und Jugendpsychiatrie und -psychotherapie Joachim A. Reinlein[\/vc_column_text][vc_column_text] Wer wir sind Die KJP Oberallg\u00e4u ist im s\u00fcdlichen Oberallg\u00e4u die\u00a0Praxis f\u00fcr s\u00e4mtliche [\u2026]\" \/>\n<meta property=\"og:url\" content=\"https:\/\/www.allgaiabua.de\/kjp\/\" \/>\n<meta property=\"og:site_name\" content=\"KJP Oberallg\u00e4u\" \/>\n<meta property=\"article:modified_time\" content=\"2023-05-16T09:26:27+00:00\" \/>\n<meta property=\"og:image\" content=\"https:\/\/www.allgaiabua.de\/kjp\/wp-content\/uploads\/2018\/02\/logo-schmetterling.gif\" \/>\n<meta name=\"twitter:card\" content=\"summary_large_image\" \/>\n<meta name=\"twitter:label1\" content=\"Gesch\u00e4tzte Lesezeit\" \/>\n\t<meta name=\"twitter:data1\" content=\"11\u00a0Minuten\" \/>\n<script type=\"application\/ld+json\" class=\"yoast-schema-graph\">{\"@context\":\"https:\\\/\\\/schema.org\",\"@graph\":[{\"@type\":\"WebPage\",\"@id\":\"https:\\\/\\\/www.allgaiabua.de\\\/kjp\\\/\",\"url\":\"https:\\\/\\\/www.allgaiabua.de\\\/kjp\\\/\",\"name\":\"Praxis - KJP Oberallg\u00e4u\",\"isPartOf\":{\"@id\":\"https:\\\/\\\/www.allgaiabua.de\\\/kjp\\\/#website\"},\"primaryImageOfPage\":{\"@id\":\"https:\\\/\\\/www.allgaiabua.de\\\/kjp\\\/#primaryimage\"},\"image\":{\"@id\":\"https:\\\/\\\/www.allgaiabua.de\\\/kjp\\\/#primaryimage\"},\"thumbnailUrl\":\"https:\\\/\\\/www.allgaiabua.de\\\/kjp\\\/wp-content\\\/uploads\\\/2018\\\/02\\\/logo-schmetterling.gif\",\"datePublished\":\"2013-08-21T15:30:10+00:00\",\"dateModified\":\"2023-05-16T09:26:27+00:00\",\"breadcrumb\":{\"@id\":\"https:\\\/\\\/www.allgaiabua.de\\\/kjp\\\/#breadcrumb\"},\"inLanguage\":\"de\",\"potentialAction\":[{\"@type\":\"ReadAction\",\"target\":[\"https:\\\/\\\/www.allgaiabua.de\\\/kjp\\\/\"]}]},{\"@type\":\"ImageObject\",\"inLanguage\":\"de\",\"@id\":\"https:\\\/\\\/www.allgaiabua.de\\\/kjp\\\/#primaryimage\",\"url\":\"https:\\\/\\\/www.allgaiabua.de\\\/kjp\\\/wp-content\\\/uploads\\\/2018\\\/02\\\/logo-schmetterling.gif\",\"contentUrl\":\"https:\\\/\\\/www.allgaiabua.de\\\/kjp\\\/wp-content\\\/uploads\\\/2018\\\/02\\\/logo-schmetterling.gif\",\"width\":16,\"height\":16},{\"@type\":\"BreadcrumbList\",\"@id\":\"https:\\\/\\\/www.allgaiabua.de\\\/kjp\\\/#breadcrumb\",\"itemListElement\":[{\"@type\":\"ListItem\",\"position\":1,\"name\":\"Startseite\",\"item\":\"https:\\\/\\\/www.allgaiabua.de\\\/kjp\\\/\"},{\"@type\":\"ListItem\",\"position\":2,\"name\":\"Praxis\"}]},{\"@type\":\"WebSite\",\"@id\":\"https:\\\/\\\/www.allgaiabua.de\\\/kjp\\\/#website\",\"url\":\"https:\\\/\\\/www.allgaiabua.de\\\/kjp\\\/\",\"name\":\"KJP Oberallg\u00e4u\",\"description\":\"Gemeinschaftspraxis f\u00fcr Kinder- und Jugendpsychiatrie und -psychotherapie Dr. B. Graf | J. Reinlein\",\"potentialAction\":[{\"@type\":\"SearchAction\",\"target\":{\"@type\":\"EntryPoint\",\"urlTemplate\":\"https:\\\/\\\/www.allgaiabua.de\\\/kjp\\\/?s={search_term_string}\"},\"query-input\":{\"@type\":\"PropertyValueSpecification\",\"valueRequired\":true,\"valueName\":\"search_term_string\"}}],\"inLanguage\":\"de\"}]}<\/script>\n<!-- \/ Yoast SEO plugin. -->","yoast_head_json":{"title":"Praxis - KJP Oberallg\u00e4u","robots":{"index":"noindex","follow":"follow","max-snippet":"max-snippet:-1","max-image-preview":"max-image-preview:large","max-video-preview":"max-video-preview:-1"},"og_locale":"de_DE","og_type":"article","og_title":"Praxis - KJP Oberallg\u00e4u","og_description":"[vc_row][vc_column css=&#8220;.vc_custom_1519123165237{margin-bottom: 30px !important;}&#8220;][vc_column_text]Herzlich willkommen in der Praxis f\u00fcr Kinder- und Jugendpsychiatrie und -psychotherapie Joachim A. Reinlein[\/vc_column_text][vc_column_text] Wer wir sind Die KJP Oberallg\u00e4u ist im s\u00fcdlichen Oberallg\u00e4u die\u00a0Praxis f\u00fcr s\u00e4mtliche [\u2026]","og_url":"https:\/\/www.allgaiabua.de\/kjp\/","og_site_name":"KJP Oberallg\u00e4u","article_modified_time":"2023-05-16T09:26:27+00:00","og_image":[{"url":"https:\/\/www.allgaiabua.de\/kjp\/wp-content\/uploads\/2018\/02\/logo-schmetterling.gif","type":"","width":"","height":""}],"twitter_card":"summary_large_image","twitter_misc":{"Gesch\u00e4tzte Lesezeit":"11\u00a0Minuten"},"schema":{"@context":"https:\/\/schema.org","@graph":[{"@type":"WebPage","@id":"https:\/\/www.allgaiabua.de\/kjp\/","url":"https:\/\/www.allgaiabua.de\/kjp\/","name":"Praxis - KJP Oberallg\u00e4u","isPartOf":{"@id":"https:\/\/www.allgaiabua.de\/kjp\/#website"},"primaryImageOfPage":{"@id":"https:\/\/www.allgaiabua.de\/kjp\/#primaryimage"},"image":{"@id":"https:\/\/www.allgaiabua.de\/kjp\/#primaryimage"},"thumbnailUrl":"https:\/\/www.allgaiabua.de\/kjp\/wp-content\/uploads\/2018\/02\/logo-schmetterling.gif","datePublished":"2013-08-21T15:30:10+00:00","dateModified":"2023-05-16T09:26:27+00:00","breadcrumb":{"@id":"https:\/\/www.allgaiabua.de\/kjp\/#breadcrumb"},"inLanguage":"de","potentialAction":[{"@type":"ReadAction","target":["https:\/\/www.allgaiabua.de\/kjp\/"]}]},{"@type":"ImageObject","inLanguage":"de","@id":"https:\/\/www.allgaiabua.de\/kjp\/#primaryimage","url":"https:\/\/www.allgaiabua.de\/kjp\/wp-content\/uploads\/2018\/02\/logo-schmetterling.gif","contentUrl":"https:\/\/www.allgaiabua.de\/kjp\/wp-content\/uploads\/2018\/02\/logo-schmetterling.gif","width":16,"height":16},{"@type":"BreadcrumbList","@id":"https:\/\/www.allgaiabua.de\/kjp\/#breadcrumb","itemListElement":[{"@type":"ListItem","position":1,"name":"Startseite","item":"https:\/\/www.allgaiabua.de\/kjp\/"},{"@type":"ListItem","position":2,"name":"Praxis"}]},{"@type":"WebSite","@id":"https:\/\/www.allgaiabua.de\/kjp\/#website","url":"https:\/\/www.allgaiabua.de\/kjp\/","name":"KJP Oberallg\u00e4u","description":"Gemeinschaftspraxis f\u00fcr Kinder- und Jugendpsychiatrie und -psychotherapie Dr. B. Graf | J. Reinlein","potentialAction":[{"@type":"SearchAction","target":{"@type":"EntryPoint","urlTemplate":"https:\/\/www.allgaiabua.de\/kjp\/?s={search_term_string}"},"query-input":{"@type":"PropertyValueSpecification","valueRequired":true,"valueName":"search_term_string"}}],"inLanguage":"de"}]}},"_links":{"self":[{"href":"https:\/\/www.allgaiabua.de\/kjp\/wp-json\/wp\/v2\/pages\/19","targetHints":{"allow":["GET"]}}],"collection":[{"href":"https:\/\/www.allgaiabua.de\/kjp\/wp-json\/wp\/v2\/pages"}],"about":[{"href":"https:\/\/www.allgaiabua.de\/kjp\/wp-json\/wp\/v2\/types\/page"}],"author":[{"embeddable":true,"href":"https:\/\/www.allgaiabua.de\/kjp\/wp-json\/wp\/v2\/users\/3"}],"replies":[{"embeddable":true,"href":"https:\/\/www.allgaiabua.de\/kjp\/wp-json\/wp\/v2\/comments?post=19"}],"version-history":[{"count":1,"href":"https:\/\/www.allgaiabua.de\/kjp\/wp-json\/wp\/v2\/pages\/19\/revisions"}],"predecessor-version":[{"id":1607,"href":"https:\/\/www.allgaiabua.de\/kjp\/wp-json\/wp\/v2\/pages\/19\/revisions\/1607"}],"wp:attachment":[{"href":"https:\/\/www.allgaiabua.de\/kjp\/wp-json\/wp\/v2\/media?parent=19"}],"curies":[{"name":"wp","href":"https:\/\/api.w.org\/{rel}","templated":true}]}}